. Determine c(0).
5760
Let g(v) = -v**3 + 16*v**2 - 33*v + 915. Determine g(17).
65
Let x(j) = 163*j - 149. Give x(0).
-149
Let j(d) = -500*d**2 - 14995*d - 34. What is j(-30)?
-184
Let k(a) = -4*a**2 + 110*a - 24. Calculate k(13).
730
Let h(p) = -91*p**2 + 17771*p - 5065. What is h(195)?
5
Let g(t) = 9*t**2 - 90*t - 660. Give g(-8).
636
Let a(j) = 203*j + 6026. Calculate a(-29).
139
Let k(r) = 8*r**2 + 8484*r + 1922077. What is k(-328)?
-3
Let g(a) = 10*a**2 + 567*a + 5332. Determine g(-12).
-32
Let p(l) = -l**2 - 502*l - 6311. Give p(-13).
46
Let x(j) = j**3 - 793*j**2 - 1928*j + 268695. What is x(795)?
-15
Let p(k) = -k**3 - 55*k**2 + 658*k + 33813. What is p(-56)?
101
Let t(d) = 851*d + 2969. Determine t(-4).
-435
Let z(y) = -y**3 + 222*y**2 + 655*y + 4444. Determine z(225).
-56
Let l(f) = 133499*f - 1468488. Give l(11).
1
Let b(u) = -84636*u - 84636. Give b(-1).
0
Let b(x) = -x**2 - 2128*x - 350630. Determine b(-180).
10
Let a(k) = -8*k**3 - 11*k**2 + 78*k - 104. Calculate a(2).
-56
Let v(h) = 4*h**3 - 491*h**2 + 989*h - 8. Calculate v(2).
38
Let c(x) = x**3 + 77*x**2 - 1326*x - 110861. Give c(-75).
-161
Let h(o) = 7*o**2 + 1685*o + 20292. What is h(-228)?
0
Let n(c) = 3*c**2 - 91*c - 1337. Calculate n(41).
-25
Let d(v) = 13690*v - 177636. Give d(13).
334
Let q(b) = 1861*b + 829804. Give q(-446).
-202
Let f(v) = -2135*v + 435544. Give f(204).
4
Let i(a) = a**3 + 341*a**2 + 18347*a - 2978. What is i(-274)?
36
Let h(b) = 2453*b + 63786. Determine h(-26).
8
Let a(q) = -4*q**3 + 624*q**2 - 183*q + 28530. What is a(156)?
-18
Let c(a) = -a**3 + 99*a**2 - 661*a + 498. Determine c(6).
-120
Let m(o) = -142*o**3 - 5118*o**2 - 216*o - 13. Give m(-36).
-13
Let a(y) = y**2 - 240*y + 322. Calculate a(0).
322
Let b(m) = m**3 - 210*m**2 + 1623*m + 255. Determine b(8).
311
Let t(y) = -76070*y + 1293205. Give t(17).
15
Let i(s) = -1368379*s - 15052177. What is i(-11)?
-8
Let z(y) = -653*y - 3885. What is z(-6)?
33
Let n(d) = 9332*d + 61940. Give n(-7).
-3384
Let t(z) = -43*z**2 - 202*z + 68. Give t(-5).
3
Let y(i) = -5257*i - 21075. Give y(-4).
-47
Let n(d) = -d**2 + 358*d - 27945. Calculate n(243).
0
Let k(i) = 4*i**3 - 22*i**2 - 272*i + 45. Determine k(-10).
-3435
Let x(o) = -48396*o + 290718. Calculate x(6).
342
Let r(p) = -276*p**3 - 3306*p**2 + 39*p + 419. Calculate r(-12).
815
Let v(i) = 417*i - 158886. Give v(381).
-9
Let n(h) = -h**3 + 846*h**2 - 25246*h - 15483. Calculate n(815).
2
Let a(v) = 131*v**2 + 2890*v + 120. Determine a(-22).
-56
Let l(m) = -1051*m + 28365. Determine l(27).
-12
Let n(i) = 24169*i + 265894. Calculate n(-11).
35
Let n(c) = -c**2 - 308*c + 293269. What is n(409)?
16
Let m(z) = 6131*z + 111596. Calculate m(-18).
1238
Let c(l) = -12778*l + 63911. Give c(5).
21
Let k(h) = 170*h**2 - 6815*h + 543. Calculate k(40).
-57
Let w(j) = -33*j**2 + 472*j - 1438. Determine w(5).
97
Let k(u) = 2*u**3 - 230*u**2 - 1205*u + 615. Determine k(120).
15
Let x(i) = -442*i + 144069. Give x(326).
-23
Let z(s) = 2*s**2 + 223*s - 1154. What is z(-124)?
1946
Let y(d) = d**3 + 121*d**2 + 47*d + 5641. Determine y(-121).
-46
Let u(j) = -3344*j - 131439. Give u(-39).
-1023
Let b(w) = 3167*w + 72836. Calculate b(-23).
-5
Let t(m) = 13*m**2 + 387*m + 200. What is t(-29)?
-90
Let u(d) = -127*d - 153443. Give u(-1208).
-27
Let v(a) = -13861*a - 679104. Give v(-49).
85
Let z(l) = 3*l**3 - 3003*l**2 + 791*l - 791775. Determine z(1001).
16
Let f(k) = 989*k + 22310. Give f(-18).
4508
Let s(u) = -4*u**2 + 559*u - 1236. Calculate s(139).
-819
Let t(w) = -109*w**2 - 350*w + 1387. What is t(4)?
-1757
Let t(l) = -68*l**2 + 3600*l - 26. Calculate t(53).
-238
Let i(m) = -255*m**2 + 26262*m + 160. Give i(103).
-149
Let z(f) = -6335*f + 19213. Give z(3).
208
Let w(b) = -15691*b + 251056. Give w(16).
0
Let z(s) = s**3 - 67*s**2 + 958*s + 330. Calculate z(46).
-38
Let p(c) = -1024*c - 33798. Determine p(-33).
-6
Let s(k) = k**2 + 186*k - 3771. Calculate s(22).
805
Let u(p) = -286*p**2 + 19*p + 27. Give u(0).
27
Let q(l) = -4893*l + 318249. What is q(65)?
204
Let w(s) = s**2 - 78*s - 7645. What is w(148)?
2715
Let g(m) = m**3 + 1474*m**2 - 14850*m + 18. Determine g(10).
-82
Let f(n) = -4654*n + 88424. Calculate f(19).
-2
Let z(h) = -985*h + 180205. What is z(183)?
-50
Let l(s) = -24*s**2 - 105*s - 365. Determine l(-8).
-1061
Let x(c) = -18*c + 1184. Determine x(84).
-328
Let u(v) = -v**3 + 146*v**2 - 296*v - 218. Give u(144).
-1370
Let z(o) = 793*o**2 - 132429*o - 282. Determine z(167).
52
Let t(d) = -2026*d - 581491. Determine t(-287).
-29
Let x(o) = 19413*o + 5785084. What is x(-298)?
10
Let k(z) = -z**2 - 86*z + 21662. Determine k(109).
407
Let z(u) = 1736*u + 256939. What is z(-148)?
11
Let t(w) = 5*w**2 - 2*w - 1685. Give t(-20).
355
Let l(m) = -178*m**2 + 5*m + 303. Determine l(-4).
-2565
Let c(q) = -845*q**2 - 1699*q - 11. Give c(-2).
7
Let j(l) = -816*l - 31861. Give j(-36).
-2485
Let r(d) = -d**2 - 35*d + 1269. What is r(-47)?
705
Let d(c) = -2*c**3 - 11*c**2 + 21*c - 41. Give d(6).
-743
Let y(v) = 393*v**2 + 88*v - 77. Give y(0).
-77
Let z(a) = a**3 + 28*a**2 - 16046*a - 464491. What is z(-29)?
2
Let u(i) = -2*i**2 + 4130*i + 285688. Give u(-67).
0
Let a(b) = -3*b**3 + 96*b**2 - 158*b + 4945. Give a(32).
-111
Let n(k) = k**3 - 218*k**2 + 3240*k - 1753. Give n(202).
-137
Let j(o) = o**3 - 196*o**2 + 2041*o + 279. Calculate j(185).
1389
Let r(o) = -74*o**2 - 5702*o - 2. What is r(-77)?
306
Let p(k) = 32*k**3 - 231*k**2 + 27*k - 7. What is p(7)?
-161
Let n(s) = 1049*s - 181447. What is n(173)?
30
Let s(p) = p**3 + 21*p**2 - 87*p - 437. Give s(-19).
1938
Let l(j) = 2*j**2 + 120*j - 2039. Calculate l(-64).
-1527
Let b(a) = -35267*a - 246874. Determine b(-7).
-5
Let c(g) = -3*g**3 - 46*g**2 + 52974*g + 847069. Determine c(-16).
-3
Let s(v) = 11800*v - 23819. Calculate s(2).
-219
Let a(q) = -q**3 + 92*q**2 + 111*q - 1687. Give a(93).
-13
Let t(x) = -8*x**2 - 112*x + 579. Give t(4).
3
Let r(f) = 32965*f - 65929. Determine r(2).
1
Let l(x) = -3*x**2 - 333*x - 330. Give l(-1).
0
Let l(d) = -5586*d - 1167487. Calculate l(-209).
-13
Let m(r) = 106035*r + 2120698. Determine m(-20).
-2
Let m(j) = 54*j**2 + 133*j + 35. Calculate m(6).
2777
Let z(a) = -3702*a + 48070. Give z(13).
-56
Let k(b) = 2390*b + 172089. Give k(-72).
9
Let h(k) = 41770*k - 668320. What is h(16)?
0
Let p(g) = -39695*g - 357239. Give p(-9).
16
Let a(y) = -12*y**2 + 560*y + 1685. Give a(-3).
-103
Let v(y) = -4692*y + 609783. Determine v(130).
-177
Let x(b) = -16714*b - 818977. Determine x(-49).
9
Let z(x) = -x**2 + 85*x + 394478. Give z(-587).
14
Let m(b) = -b**3 - 75*b**2 - 527*b + 390. Determine m(-67).
-213
Let n(u) = -174020*u + 2262262. Give n(13).
2
Let r(p) = -302476*p - 3327234. What is r(-11)?
2
Let g(j) = -593*j**2 - 72*j + 99. Give g(1).
-566
Let u(o) = -2584*o - 1658927. Determine u(-642).
1
Let o(a) = -6223*a**3 + 31*a**2 - 58*a + 26. What is o(1)?
-6224
Let n(l) = 2616*l + 23238. Calculate n(-9).
-306
Let u(t) = -3*t**3 - 21*t**2 - 71*t + 470. What is u(6)?
-1360
Let h(w) = 135*w**2 + 69*w + 155. Calculate h(-3).
1163
Let j(g) = -g**2 - 1618*g - 64648. Calculate j(-41).
9
Let h(s) = 3306*s + 1438096. Give h(-435).
-14
Let l(k) = -1921*k + 19275. Determine l(10).
65
Let v(k) = 3748484*k + 14993927. What is v(-4)?
-9
Let a(g) = 5*g**2 + 611*g - 115600. Give a(-225).
50
Let r(t) = 150*t**2 - 31. Give r(-1).
119
Let r(c) = -2518*c + 508638. Determine r(202).
2
Let m(n) = -44*n**2 + 781*n - 3265. Calculate m(11).
2
Let y(l) = 59*l**2 - 890*l - 33. What is y(15)?
-108
Let j(n) = -2937*n + 135102. Give j(46).
0
Let z(t) = -12581*t - 125801. What is z(-10)?
9
Let r(d) = 7538*d + 859335. Determine r(-114).
3
Let q(j) = -1328*j - 4962. Give q(-4).
350
Let m(t) = -490228*t + 4412054. What is m(9)?
2
Let h(n) = 7*n**2 + 10842*n + 946393. What is h(-1456)?
-7
Let u(l) = -l**3 + 34*l**2 - 1147*l + 32671. What is u(31)?
-3
Let g(i) = -1774*i - 60323. What is g(-34)?
-7
Let g(w) = 342*w**2 + 1036*w - 1374. Give g(1).
4
Let t(f) = -43*f**3 - 4*f**2 + 37*f - 64. Calculate t(3).
-1150
Let s(z) = 2*z**2 + 16*z - 2607. Determine s(42).
1593
Let u(z) = z**3 - 331*z**2 + 636*z + 51. Calculate u(2).
7
Let w(d) = -8*d**2 - 496*d - 139. Give w(-59).
1277
Let a(z) = -2*z**3 - 26*z**2 - 6070*z - 78907. What is a(-13)?
